8) to base 12.
5a0845
10952388 (base 10) to base 2
101001110001111011000100
What is -1012033031 (base 4) in base 2?
-1000110001111001101
What is 81a07 (base 14) in base 4?
1030023213
What is 100213023 (base 4) in base 2?
10000100111001011
What is 56188 (base 10) in base 5?
3244223
-4848734 (base 9) to base 5
-1133141310
What is 3240453 (base 6) in base 2?
100111010001110001
-5159842 (base 10) to base 11
-2a04736
240531354 (base 6) to base 2
10001010000000001110110
Convert -575175 (base 8) to base 11.
-123722
-731c05 (base 16) to base 2
-11100110001110000000101
-433293 (base 14) to base 10
-2275297
11054434 (base 6) to base 4
1101210112
1111120020111 (base 3) to base 9
1446214
What is -31b87 (base 13) in base 8?
-257372
What is -213740 (base 10) in base 13?
-76397
Convert ab6c77 (base 15) to base 3.
120101021012011
Convert -498582a (base 11) to base 7.
-133420142
Convert -11000000000101101 (base 2) to base 5.
-11121344
What is -2c7890 (base 13) in base 8?
-4150526
Convert -253073 (base 8) to base 6.
-1513335
Convert 6138da (base 14) to base 13.
8a8aa2
-12020202112210 (base 3) to base 2
-1010101001001110001010
-102055341 (base 6) to base 5
-423434441
Convert -1427221 (base 11) to base 4.
-21113101211
Convert 66947 (base 16) to base 11.
267750
Convert 7436 (base 15) to base 5.
1241301
Convert -1c0488 (base 14) to base 13.
-290067
532133404 (base 6) to base 10
9343660
Convert 3687205 (base 9) to base 6.
111000435
What is -566511 (base 10) in base 9?
-1053086
-2498ab7 (base 12) to base 9
-14436414
What is 12040320 (base 7) in base 8?
4047076
Convert -352b2 (base 12) to base 13.
-26594
-7f6f3d (base 16) to base 15
-aee7ee
What is 1253036 (base 7) in base 3?
22100102002
-12230223131 (base 4) to base 10
-1755869
-4366127 (base 12) to base 13
-28708b7
What is 591a13 (base 14) in base 3?
12201102112020
Convert -11222010201121 (base 3) to base 5.
-1133441423
What is 121201110101 (base 3) in base 14?
87d21
Convert -83021 (base 14) to base 5.
-40044324
Convert -453117 (base 8) to base 16.
-2564f
Convert 33203333 (base 4) to base 5.
4014433
What is 64436636 (base 7) in base 6?
313350252
What is -1350755 (base 9) in base 5?
-142221020
What is 1044aa (base 11) in base 13?
5b007
Convert -64050101 (base 7) to base 12.
-1996a05
What is -1001110100101000010001 (base 2) in base 11?
-14a9597
-1730250 (base 8) to base 5
-112111401
Convert -11233540 (base 7) to base 10.
-983311
What is -101233300331 (base 4) in base 2?
-10001101111110000111101
-13cb10 (base 13) to base 10
-485212
12056535 (base 8) to base 6
132410541
10001000101000101010 (base 2) to base 11
352530
What is 297527 (base 10) in base 16?
48a37
Convert -716883 (base 10) to base 5.
-140420013
Convert 403442320 (base 5) to base 6.
54453450
Convert 32110124 (base 5) to base 7.
2201315
Convert 11021102220021 (base 3) to base 5.
1040202334
Convert -2bf39 (base 16) to base 14.
-4986d
What is 390282 (base 10) in base 13?
108849
Convert -a3d6a (base 16) to base 7.
-5463336
What is -11602536 (base 8) in base 13?
-6b6ca9
What is -10c9b1 (base 13) in base 6?
-12320414
Convert 100010111101000001000101 (base 2) to base 10.
9162821
-10110110001011010 (base 2) to base 9
-151847
What is -2020222010221 (base 3) in base 4?
-10210332220
Convert 11221101110121 (base 3) to base 5.
1133003334
Convert -240520043 (base 6) to base 16.
-44fa1b
What is -869246 (base 12) in base 7?
-24053505
-cdd2cd (base 14) to base 8
-32523345
What is -81613 (base 10) in base 2?
-10011111011001101
What is 2ba93 (base 12) in base 15?
135a6
What is -52203 (base 10) in base 6?
-1041403
What is 25d78 (base 15) in base 11?
83039
What is 1101000011000001101 (base 2) in base 11?
272237
1562a7 (base 13) to base 8
2006613
What is 18079b6 (base 14) in base 8?
55156714
What is 10220120001 (base 3) in base 16?
12c97
What is 23433430 (base 5) in base 14?
5962a
Convert -1121120101020 (base 3) to base 16.
-d15ec
Convert 9da062 (base 14) to base 7.
63423152
-190080 (base 11) to base 10
-292908
What is 1690cc (base 14) in base 12?
323038
-112312123001 (base 4) to base 12
-200a595
Convert 1100112010 (base 3) to base 7.
140424
Convert 12001222111220 (base 3) to base 7.
31626456
Convert -5323341 (base 6) to base 10.
-259981
22a54 (base 12) to base 3
2100200201
-42b5a (base 14) to base 4
-213121230
1c018a (base 14) to base 16
f3ede
Convert -2211001 (base 3) to base 8.
-4005
130b2 (base 14) to base 11
3218a
What is -587054a (base 12) in base 5?
-13332112011
What is -66b5 (base 15) in base 10?
-21770
What is -660741 (base 9) in base 11?
-24a242
What is b5c25a (base 14) in base 13?
1370566
What is -2201122120 (base 3) in base 16?
-d1bb
Convert 33501455 (base 7) to base 2.
1011000110000000011110
Convert -3a11615 (base 12) to base 9.
-23521318
-44454147 (base 8) to base 11
-5460859
Convert -163846b (base 12) to base 15.
-5eec62
1a3ba2 (base 14) to base 3
1202101011120
2130414424 (base 5) to base 7
53426461
111739 (base 14) to base 12
23ba73
Convert 88296 (base 10) to base 2.
10101100011101000
What is -16687508 (base 9) in base 10?
-8383913
-425845 (base 9) to base 13
-8b5b9
20861 (base 15) to base 16
192e5
112642 (base 10) to base 16
1b802
-23612c (base 16) to base 14
-444dac
What is -1a0183 (base 11) in base 15?
-61268
What is -1001111101010011011 (base 2) in base 9?
-546534
What is 14b06d (base 15) in base 8?
3637277
Convert -64200306 (base 8) to base 5.
-12001302342
Convert -5354117 (base 9) to base 3.
-12101211010121
2032144000 (base 5) to base 6
225314332
1b1031 (base 12) to base 4
1310313211
-49485 (base 14) to base 5
-21214021
-390990 (base 12) to base 14
-1a47da
Convert 13022220020 (base 4) to base 6.
104132532
Convert -100a70 (base 11) to base 15.
-33178
-865624 (base 9) to base 14
-d602b
Convert -7a611a (base 12) to base 11.
-1119402
Convert 33023033 (base 4) to base 3.
10011021012
-31314424 (base 5) to base 15
-52344
What is 210210201 (base 3) in base 12?
9247
Convert 6105a (base 11) to base 15.
1b697
Convert -211045142 (base 6) to base 15.
-4cde85
31324421 (base 5) to base 8
776164
Convert -2274378 (base 11) to base 15.
-5374dd
What is -995313 (base 12) in base 13?
-673560
38f61 (base 16) to base 12
b3029
What is -1111110000011100100000 (base 2) in base 12?
-1472480
-61746 (base 10) to base 14
-18706
What is -1258212 (base 10) in base 6?
-42545020
-1a8269 (base 14) to base 3
-1202222111120
Convert 54b2b (base 13) to base 12.
749a9
-11010220212 (base 4) to base 15
-1b3ebc
Convert -294a3a (base 11) to base 6.
-13511412
What is 40631213 (base 7) in base 16?
33ebac
142551 (base 7) to base 5
1334003
121302302331 (base 4) to base 13
15298aa
13114201 (base 8) to base 16
2c9881
-10100011011001110 (base 2) to base 4
-110123032
80906 (base 13) to base 14
5db79
What is 1000110110010010011 (base 2) in base 9?
481644
9261c (base 14) to base 12
14bb56
Convert 1435b8 (base 12) to base 16.
5279c
-7c794a (base 13) to base 2
-1011010010010110011001
What is -71161 (base 12) in base 15?
-2d8b7
What is 120305 (base 13) in base 12?
18827b
Convert 9a834 (base 11) to base 15.
2d43e
-10021102222101 (base 3) to base 5
-421201320
204d78 (base 14) to base 3
2001100012122
-1042202 (base 6) to base 5
-3133341
Convert -58816 (base 11) to base 13.
-2c800
Convert 5210152 (base 6) to base 3.
110201012112
Convert -195548 (base 10) to base 11.
-123a11
What is -1119 (base 14) in base 10?
-2963
Convert -40bb83 (base 12) to base 14.
-1c63ab
52790 (base 11) to base 4
102300031
What is 12213222 (base 4) in base 12?
13836
What is -163608c (base 13) in base 16?
-6d278c
Convert -21530305 (base 6) to base 15.
-cc63e
What is 232130231 (base 5) in base 13?
2aaa67
Convert 114361 (base 9) to base 3.
10111102001
Convert -100001100100100000 (base 2) to base 15.
-2ab1e
110000110110010 (base 2) to base 10
25010
What is -b401 (base 16) in base 11?
-31692
-659733a (base 11) to base 2
-101100001010001100110001
180b65 (base 15) to base 6
41002305
Convert 753b (base 13) to base 9.
24282
What is 34235231 (base 7) in base 5?
1230441002
What is -24741 (base 10) in base 8?
-60245
Convert 3253888 (base 9) to base 7.
20600423
What is -10245778 (base 9) in base 7?
-56626553
-aa564 (base 12) to base 6
-4455404
What is -64938 (base 11) in base 16?
-1705c
What is -16224 (base 8) in base 15?
-227b
Convert 2555a8 (base 13) t